. Let f(w) = -w**2 - 2*w + 2. Calculate f(j).
-6
Suppose 0 = 4*u - 2*u + 4. Let c be 33/u - (-4)/8. Let p = -21 - c. Let l(b) = -b**3 - 6*b**2 - 3*b + 7. Calculate l(p).
-3
Let d(v) = v**2 + 9*v - 2. Let a be d(-9). Let t(w) = 2*w + 23 + 20 - 73 + 29. What is t(a)?
-5
Let g be 1*(2 - (-1 + 10)). Let n(h) = h**2 + 9*h + 12. Let y be n(g). Let i(f) = f**2 - f - 1. Determine i(y).
5
Let i(k) = k**2 - 5*k - 4. Suppose 4*v + 4 = -0*v. Let w be v - 0 - (-70)/14. Determine i(w).
-8
Let m(q) = 12*q - 102. Suppose -84 = 13*g - 201. What is m(g)?
6
Let x(b) = b - 5. Let a(w) = w + 20. Let i be a(-27). What is x(i)?
-12
Let u(q) = 8*q - 3. Let m be u(-3). Suppose -2*s = 2*d - 64, 0 = 2*s + 3*d - 9 - 60. Let j = m + s. Let n(k) = -k + 10. Give n(j).
10
Let w(t) be the third derivative of -t**6/120 - t**5/20 - t**4/4 - 2*t**3/3 + 195*t**2. What is w(-4)?
36
Suppose -49*i + 227 = -263. Let s(q) = q**2 - 12*q. Calculate s(i).
-20
Let r(u) be the second derivative of -1/2*u**2 - 34*u + 1/3*u**3 + 0. Calculate r(-2).
-5
Suppose 0 = -2*j - 3 + 9. Let c(v) = 4*v - 3*v - 2 + j - 8*v. What is c(1)?
-6
Let h = 570 - 565. Let c(z) = z**2 - 5*z + 5. Give c(h).
5
Let n(v) = -11*v**3 + 9*v + v**2 - 10*v - 63 + 62. Calculate n(-1).
12
Let h(x) = 5*x - 4. Let m be h(6). Let y = -180 - -208. Let s = y - m. Let t(q) = -2*q**3 + 4*q**2 - 4*q + 2. Give t(s).
-6
Suppose 5*k + 155 + 70 = 0. Let n = -47 - k. Let t(c) = 2*c**2 + 3*c. Give t(n).
2
Let f = -17 + 36. Suppose -2*z + w = -2*w + 6, z - 19 = -4*w. Let d(o) = -f*o - 2 + 3*o**2 + o**z + 3 + 20*o. Give d(-3).
-2
Let b be ((-9)/(-6) + 7/14)/3. Let f(j) be the second derivative of -1/12*j**4 + 0 - 8*j + b*j**3 + 5/2*j**2. What is f(4)?
5
Let z(p) = p**3 + 2*p**2 - 3*p. Suppose -4*u + 15 = -m - 0*m, 0 = u + 3*m - 20. Suppose u*n + 1 = -14. What is z(n)?
0
Let f be (16/6)/(28/42). Let g(a) = -6*a**3 + 8*a - 8. Let z(h) = -7*h**3 - h**2 + 9*h - 9. Let s(j) = -6*g(j) + 5*z(j). Calculate s(f).
-25
Let t(u) be the first derivative of -3*u + 1 - 1/6*u**3 + 0*u**2. Let g(w) be the first derivative of t(w). Calculate g(-2).
2
Let y(d) = -21*d**3 + 0*d - 2*d + 39*d**3 - 6*d**2 - 17*d**3 + 3 + 3*d. Give y(6).
9
Let v(f) = -13*f - 4. Let o = 1154 - 1156. Give v(o).
22
Let p(i) be the second derivative of -i**5/20 - i**3/6 + 7*i. Let f be 0*3/(-6) + 8/(-4). Determine p(f).
10
Let y(d) = d**3 - 21*d**2 - 4. Let j be y(21). Let b(s) = s**3 + 2*s**2 + 2*s + 2. What is b(j)?
-38
Let s(g) = -20*g**3 + 11*g**2 - 14*g - 11. Let y(p) = -7*p**3 - 2*p - 3*p + 4*p**2 + 1 + 0*p - 5. Let c(z) = -6*s(z) + 17*y(z). What is c(2)?
12
Let q be ((-6)/(-9))/(32/240). Let x(v) = -v**3 + 5*v**2 + 4. Calculate x(q).
4
Let b(l) be the second derivative of -l**3/6 + 5*l**2/2 - 2*l - 1. Determine b(7).
-2
Suppose -t + 46 = 5*l, -t - 2*l = -0*t - 34. Let v = t - 24. Suppose 3*h + w - 37 = 5*w, -2*h - v*w = -6. Let u(k) = -k**3 + 6*k**2 + 7*k - 8. Determine u(h).
-8
Let w(y) = -2*y**2 + 2. Suppose -d - h - 14 = 3*h, -2*d - 2*h = 4. Suppose 0 = d*z - 1 + 7. What is w(z)?
-16
Let z(c) = 3*c + 7 + 0*c**2 + c**3 - 8*c**2 + c**2. Suppose 5*m + 4*t - 3 = 23, 0 = -2*m + 5*t + 17. Determine z(m).
-11
Let u be -62 + 4 + -8 + 3. Let x be (-198)/u + (-1)/7. Let m(a) = -a + 3. Determine m(x).
0
Let d(l) be the third derivative of l**4/24 + l**3/6 + 6*l**2. Let f be 156/(-28) + 21/(-49). Determine d(f).
-5
Let h(o) = -2*o - 10. Let b(z) = -z**2 - 7*z - 2. Let x be b(-6). Suppose -3*u - x = -16. Suppose -23 = 5*a + 3*v + 21, u*v + 26 = -2*a. Give h(a).
4
Let y(o) = -o - 8. Let h(r) = 113 + 109 - 2*r - 229. Let p(g) = 3*h(g) - 2*y(g). Calculate p(-6).
19
Let u(g) be the first derivative of -2*g**3/3 - g + 105. What is u(-2)?
-9
Let f(u) = -2*u - 1. Suppose -2*i - 2*r + 1 = -1, 2*i = -5*r - 7. Suppose -3 = 3*a - i*a. Suppose a*t = -2*t - 2*z + 17, 5*z = 5*t - 45. Calculate f(t).
-11
Let q(a) = a**2 + 16*a + 11. Let f = -380 - -369. Calculate q(f).
-44
Let f(g) = 54*g - 2 + 56*g + 4*g**2 - 112*g. Calculate f(-1).
4
Let j(g) = -3*g**2 - g + 2. Let w = -11 - -13. Suppose -5 = 4*n + w*v - 5*v, -v + 3 = -2*n. Calculate j(n).
-8
Let v(m) be the third derivative of -m**7/840 - m**6/60 - m**5/40 - m**4/12 - 17*m**3/2 + 3*m**2 - m. Let k(r) be the first derivative of v(r). Determine k(-4).
-22
Suppose -3*v = v + 20. Let n(u) = -u + 6. Let x be n(12). Let q(r) = 1. Let o(i) = i + 16. Let k(m) = x*q(m) + o(m). Calculate k(v).
5
Let w(b) = -2*b**2 + 3*b. Let d(x) = -2*x. Let q be d(-2). Give w(q).
-20
Let f(r) = r**2 + 3*r - 4. Let k be ((-42)/24)/(2/(-8)). Let n(u) = -u**2 + 7*u - 3. Let b be n(k). Let g = -8 - b. Calculate f(g).
6
Let l(u) be the first derivative of -u**4/4 + u**3/3 - u**2/2 + u + 1. Suppose -5*d = -m + 3, -54 = 5*d - 5*m - 39. Determine l(d).
1
Let l(n) = -n - 22. Let r = -729 - -714. Calculate l(r).
-7
Let l(g) = -g**2 - 1. Let y(n) = -4*n**2 - 4*n - 4. Let v(s) = 3*l(s) - y(s). Give v(-3).
-2
Let d = -126 - -126. Let t(y) = -y**3 + y**2 + y - 11. Calculate t(d).
-11
Suppose -6*p + 50 = -34. Let s(c) = -c**3 + 14*c**2 - 4. Determine s(p).
-4
Let g(x) = -5*x + 78. Let h be g(14). Let r(k) = 0 + 0 - 2*k - 3. Give r(h).
-19
Suppose 4*u + 1 + 7 = 0. Let z = 8 + u. Let y(c) = c**2 - 6*c + 2. Determine y(z).
2
Let m(c) = 2*c + 6. Suppose -9*i = -11*i - 34. Let x = 10 + i. Determine m(x).
-8
Let r(s) = 19*s**3 - 2*s - 1. Let g(c) = -16*c - 209. Let w be g(-13). Determine r(w).
-18
Let z = -2 - -6. Let s(v) be the third derivative of -20*v**2 + 0 - 1/6*v**4 + 0*v + 1/2*v**3 + 1/60*v**5. Give s(z).
3
Let j be (-2)/(-11) + (-80)/(-44). Suppose 2*c = -j*p + c + 6, -c - 6 = -2*p. Let i = 8 - p. Let a(b) = -b**2 + 3*b + 4. Determine a(i).
-6
Let w(r) be the second derivative of r**5/20 - 5*r**4/12 + r**3/2 + 2*r**2 + 2*r. Suppose 696*s + 5*j - 23 = 699*s, 3*s - 26 = -2*j. What is w(s)?
0
Let y be (-2)/4*4/1. Let a(s) = 3*s**2 + s - 2. Let g(w) = -13*w**2 + 9 + 6*w - 6*w - 3*w. Let c(n) = 9*a(n) + 2*g(n). Give c(y).
-2
Let r be (2 - 2 - -46) + -2. Let j be 1/(-2)*(-3 + 3). Let i(q) = 50 + q**2 - r + 6*q + j*q. Calculate i(-4).
-2
Let l(b) = 8 + 11*b - b - 11*b. Let w be -5*1 - (-84)/(6 - -1). Calculate l(w).
1
Suppose 4*r - 4*w = 44, r + 3*w + 22 = 3*r. Suppose 0 = 2*n + 4 + 28. Let h = r + n. Let p(k) = -2*k - 6. Calculate p(h).
4
Let l(j) be the second derivative of j**5/60 + j**4/6 - j**3 + 3*j**2 - 3*j. Let u(i) be the first derivative of l(i). Determine u(-5).
-1
Let p = 59 - 50. Let q(c) = p*c**3 - 10*c**3 + c - 5 + 4 + 3 + 3*c**2. Determine q(3).
5
Suppose 0 = -4*o + 3*o + 7. Suppose -5*d + 2*d = -42. Let a = d - o. Let y(b) = b**3 - 8*b**2 + 8*b + 2. Give y(a).
9
Let w(o) = -9*o**3 + 3*o**2 - 6. Let s(a) = -11*a**3 + 4*a**2 - 7. Let y(r) = 5*s(r) - 6*w(r). Give y(3).
-8
Let l(u) = -u. Let w be l(-2). Let r(t) = -4*t**2 - 6*t + 5*t**2 + 1 + w*t + t. Let s be 50/15 - (-2)/(-6). Determine r(s).
1
Suppose -2*y + 16 = -6*y. Let m(p) be the first derivative of 2*p + 33 - 1/3*p**3 - 2*p**2. Determine m(y).
2
Let o be 2/(-2) - (6 + -8). Let a be ((12/(-5))/(-4))/((-1)/(-5)). Let r(d) = -a*d + 21*d**2 + 5*d - d - 22*d**2. What is r(o)?
0
Let g = 36 - 33. Let q(f) = 91*f**2 - 3*f + 1 - 90*f**2 - f**g - 2*f + 6*f. Determine q(2).
-1
Let v(o) = o + 2. Let s(d) = -5*d - 13. Suppose 24 = -4*k + 8*k. Let z(l) = k*v(l) + s(l). What is z(0)?
-1
Let y(g) = -1. Let o(r) = 5*r + 2. Let h(a) = o(a) - y(a). Determine h(-6).
-27
Let x(i) = 2*i**2 - i - 4. Let f(t) = t + 3. Let h be ((-6)/4)/(6/12). Let s be f(h). Suppose 4*m + b + 12 = -s*b, 3*b = -4*m - 12. What is x(m)?
17
Let s(d) be the second derivative of -5*d**2 - 1/6*d**3 + 1/20*d**5 + 0 + 0*d**4 - 8*d. Suppose -3*a = -0*a. Determine s(a).
-10
Let l(n) be the second derivative of -5/2*n**2 + 1/12*n**4 + 8*n + 1/2*n**3 + 0. Let c(y) = -4*y**2 + y - 1. Let u be c(1). Determine l(u).
-1
Let w = -10 - -11. Let g be (2 + -3)*-3 - -6. Let t(r) = -4*r - 9 + g. Calculate t(w).
-4
Let d be (-96)/(-336) + 74/(-14). Let w(s) = s**3 + 6*s**2 + 6*s - 5. Give w(d).
-10
Let a be -1 + 1*(-2 + 0). Let u(x) = -16*x**2 - 16*x - 6. Let l(f) = 3*f**2 + 3*f + 1. Let r(t) = -11*l(t) - 2*u(t). Calculate r(a).
-5
Let b(a) = a. Let z(l) = 11*l - 1. Let k(h) = -3*b(h) + z(h). Determine k(1).
7
Let a(v) be the third derivative of -v**5/60 + v**4/6 - v**3/6 - 53*v*